). Calculate g(-5).
21
Let b(i) be the first derivative of 1 + i - 1/4*i**4 + 1/3*i**3 - i**2. Give b(1).
-1
Let j(o) be the first derivative of -1/6*o**4 - 2/3*o**3 + 1 + 1/60*o**5 + 0*o + o**2. Let c(k) be the second derivative of j(k). Determine c(3).
-7
Let k(v) be the third derivative of v**8/6720 - v**7/420 - 7*v**6/720 - 7*v**4/24 + 9*v**2. Let a(o) be the second derivative of k(o). What is a(7)?
0
Let w(v) be the first derivative of -2*v**3/3 - 3*v**2 + 5*v + 2. Determine w(-5).
-15
Let q(h) = -h**3 - 2*h**2 - 4. Let j(p) = -p**3 - 6*p**2 - 4*p + 6. Let l be j(-5). Let d be ((-3)/4)/(l/4). What is q(d)?
5
Let l(y) = y**2 - 6*y + 3. Let s(t) = -t - 3. Let x be s(-9). Give l(x).
3
Suppose 0 + 15 = 5*r. Suppose 2 + 4 = r*l. Let w(p) = p**2 - 3*p + 0*p**l + 2 + 4*p. Determine w(-3).
8
Let l(f) = 2*f**3 + f**2 - 2*f + 1. Let u = -9 + -1. Let a be u/(-2)*(-2)/5. Give l(a).
-7
Let k(z) = 3*z**2 - 4*z - 1. Let h(p) = -4*p**2 + 5*p + 1. Let d(m) = -m**3 - 13*m**2 - 12*m + 2. Let y be d(-12). Let u(b) = y*h(b) + 3*k(b). Calculate u(-2).
7
Let q(x) = -6*x + 7*x + x - 5*x + 3. Determine q(2).
-3
Suppose -5*m + 2 = -2*a, 3*a - 2*a = 2*m - 1. Suppose 3*k + k + 24 = m. Let v(f) = f + 10. Give v(k).
4
Let w(p) = -p**2 + 5*p - 3. Let u be w(4). Suppose -d = u - 3. Let c(m) = 3*m**2 + 2 + 0 - 4*m**2. Determine c(d).
-2
Let w be (-5 - 1)/((-6)/4). Let v(z) = z**2 - 5*z + 4. What is v(w)?
0
Let u(n) = -3*n + 2. Let w(z) = 1. Let b(h) = -u(h) - 6*w(h). Determine b(-7).
-29
Let m(i) be the third derivative of -i**5/120 + i**4/12 + i**3/6 + 2*i**2. Let g(y) be the first derivative of m(y). Determine g(4).
-2
Let w be (1 + (-5 - 3))*1. Let j(v) = -6*v**2 - 3 + 3 - v. Let m(t) = -17*t**2 - 4*t. Let i(y) = w*j(y) + 2*m(y). Give i(1).
7
Let f(h) be the second derivative of -h**4/12 + h**3 + 9*h**2/2 - 5*h - 1. Determine f(8).
-7
Let j(r) = -2*r + 7. Let a(k) = k - 3. Let m(l) = 13*a(l) + 6*j(l). Let b(u) = 2*u + 4. Let n be b(-5). Determine m(n).
-3
Let r(b) = 5*b**3 - b**2 + 3*b + 4. Let i(t) = 5*t**3 - t**2 + 2*t + 3. Let j(d) = -3*i(d) + 2*r(d). Give j(-1).
5
Let c(x) = -3*x. Let u(p) be the third derivative of 0 - 2*p**2 + 2/3*p**3 + 1/24*p**4 + 0*p. Let j be u(-2). Give c(j).
-6
Let k(o) = -3*o**2 - o + 7. Let l(z) = 13*z**2 + 3*z - 29. Let u(a) = 9*k(a) + 2*l(a). Give u(-5).
-5
Let d(g) = -g**3 + 5 - 171*g + 171*g - 7*g**2. Give d(-7).
5
Let v(x) = -15*x**3 - 5*x**2 - 5*x - 1. Let f(w) = w**2 + w. Let s(g) = 6*f(g) + v(g). Determine s(1).
-14
Let o(k) = k**3 - k**2 + k + 11. Let b(u) = -u**2 - 6*u - 6. Let h be b(-4). Let c be (0 + 0/(-1))/h. Determine o(c).
11
Let x(u) be the third derivative of -u**7/2520 + u**6/240 - u**5/40 - u**4/6 - 3*u**2. Let r(d) be the second derivative of x(d). What is r(2)?
-1
Let q = 1 + -5. Let x be 4/(-12) + (-5)/3. Let j(a) = -a**2 + 3*a + 4. Let f(t) = 2*t**2 - 3*t - 4. Let p(g) = x*f(g) - 3*j(g). What is p(q)?
-8
Let g(u) = -9*u**3 - 17*u**2 - 10*u - 13. Suppose z + 9 = -2. Let v(y) = 5*y**3 + 9*y**2 + 5*y + 7. Let f(i) = z*v(i) - 6*g(i). What is f(4)?
5
Suppose -2*m - 3 = s - 4, -2*s - 22 = -4*m. Let k(h) = h - 5*h + 3*h - 2. Give k(m).
-5
Suppose -2*y + 17 = 15. Let z(f) = 5*f. What is z(y)?
5
Let p(g) = 4*g. Let r be p(2). Let z(a) = -a**3 + 8*a**2 - a + 8. Let o be z(r). Let v(j) = 1. Let x(t) = -t + 5. Let y(q) = -6*v(q) + x(q). Calculate y(o).
-1
Let m = 5 - 3. Let n(w) = -m*w**2 + 0 + 6*w + 5 + 3*w**2. Let l be n(-6). Let p(j) = -j**3 + 4*j**2 + 5*j. Determine p(l).
0
Let c be 1*(2/(-6))/(-1). Let m(f) be the second derivative of c*f**3 + 0 + 5/2*f**2 - 2*f. Determine m(-4).
-3
Let g = -1 - -6. Let s(z) = 0*z**3 - 5*z**2 + z + 0*z - 6 + z**3. Give s(g).
-1
Let z(f) = -f**3 - 6*f**2 + 8*f + 2. Let b be z(-7). Let h(p) be the second derivative of p**3/6 - 12*p. What is h(b)?
-5
Let o(w) be the third derivative of -w**4/8 + w**3 - 11*w**2. What is o(4)?
-6
Suppose 2*j = -5*a + 2*a + 32, -44 = -4*a - 2*j. Suppose 5*k - 3*w = -0*w - 20, 3*k + 3*w = -a. Let i(p) = p + 4. Give i(k).
0
Let y(h) = -h. Let k be (((-6)/(-9))/1)/((-6)/27). What is y(k)?
3
Let x(j) = j**2 + 10*j + 13. Suppose p = -5*h + 16, 2*p = 2*h - 7*h + 7. Determine x(p).
4
Let u(k) = k**3 + 5*k**2 - 9*k - 8. Let x = 54 - 60. Determine u(x).
10
Let y(j) be the third derivative of -j**4/12 - 7*j**3/6 - 18*j**2. Calculate y(-5).
3
Let k(y) = -2*y - 19. Let d(l) be the first derivative of l**2/2 + 10*l - 2. Let f(r) = 5*d(r) + 3*k(r). Calculate f(5).
-12
Let n(s) = -s**3 - s**2 + 4*s + 4. Let r be n(-2). Let d(v) = -10*v + r + 11*v - 1. Determine d(-5).
-6
Let j(x) = -4*x - 3*x**2 - 3 + 0*x**2 + 2*x**2. Suppose -3*t - 3 = 3, -20 = 5*k - 5*t. Let p be (-2)/(-6) + 20/k. Give j(p).
0
Let u(r) = -2*r**2 + 6*r - 5. Let h(l) = -l**2 + 3*l - 2. Suppose 3*c = p + 4, -c + 2*c - 8 = -3*p. Let s(i) = p*u(i) - 5*h(i). Determine s(4).
4
Let v(i) = -5*i**3 - i**2 - i + 10. Let n(u) = 2*u + 11*u**3 - 4*u**2 + u - u - 21 + 6*u**2. Let r(j) = 6*n(j) + 13*v(j). Give r(0).
4
Let o(j) = 0*j**2 + 1 - 9*j**2 + 8*j**2 - 5*j. Calculate o(-6).
-5
Let y be 81/15 + (-2)/5. Let d(t) = 7*t + 6. Let q(i) = 6*i + 5. Let f(p) = y*d(p) - 6*q(p). Let z be f(-2). Let m(k) = -k**3 + k**2 + 2*k - 2. What is m(z)?
-2
Let y(h) = h**2 - 7*h + 6. Let d = 90 - 60. Suppose d = 3*q + 2*q. What is y(q)?
0
Let y(d) = -d**3 - 4*d**2 + 4*d - 3. Suppose 2*q + 0*c = -2*c + 46, 12 = 3*c. Let s = q + -27. Let f be (s - 2)*(-1)/(-2). Give y(f).
2
Suppose -11 + 2 = -3*y. Let c(g) = g**3 - 3*g**2 - g + 4. Let x be c(y). Let w be 6/1 - (0 + x). Let u(p) = -p**2 + 6*p + 1. Give u(w).
6
Let k(r) be the first derivative of -2 + r + 1/2*r**2. Give k(4).
5
Let a(b) = -4*b**3 + b**2 - 2*b - 2. Let s(f) = -f**3 - f**2 - f. Let g(v) = a(v) - 5*s(v). Determine g(-5).
8
Let g(c) = -c**3 + c**2 + c - 2. Suppose s + 4*s + 5*f = 75, -5*s = 2*f - 60. Suppose 0 = 5*a - s. Give g(a).
-4
Let h(b) = b**2 + b - 1. Let c(k) = -11*k**3 - 3*k**2 - k + 4. Let a(t) = c(t) + 3*h(t). What is a(-1)?
10
Suppose 6 + 11 = -2*q - 3*r, r = 5*q. Let i(f) be the third derivative of -f**5/30 - f**4/24 - f**3/6 + f**2. What is i(q)?
-2
Let a(l) = l - 3. Let i be 3/(-2) - 21/(-2). Let j(g) = g - 3 - 7 + 4. Let q be j(i). Calculate a(q).
0
Suppose 14 = -3*h + 5*h. Let v = 8 - h. Let w be -4 - (-2)/(2/v). Let f(m) = m + 5. What is f(w)?
2
Let r(h) be the first derivative of -h**5/20 + h**4/3 + h**3/2 + h**2 - 3*h - 3. Let c(d) be the first derivative of r(d). Determine c(5).
-8
Let v(x) = 6 - 3 + 2*x - 3*x. Let o(d) = -d**3 - d**2 + 3*d - 3. Let g be o(-3). Determine v(g).
-3
Let w(h) = 2*h**2 - 3*h - 3. Let t = -27 - -12. Let v = t - -10. Let f(u) = -u**3 - 4*u**2 + 3*u - 7. Let l be f(v). Give w(l).
6
Let b(h) = 0*h**2 + 3*h**2 + 4*h + 5*h**3 + 1 - 6*h**3. Calculate b(4).
1
Suppose 0 = -9*j + 4*j - r + 24, -4 = -5*j + 4*r. Let c(t) = -1 + 0 - j + 1 + t. Suppose 4*s - 16 - 4 = 0. Calculate c(s).
1
Let d(k) = k**3 + 5*k**2 + 4*k + 6. Let o(b) = 0*b - b**2 + 2*b**2 + 4 - 11*b. Let w be o(10). Let v = w - -2. Give d(v).
6
Let u(m) be the second derivative of -m**6/180 + m**5/120 + m**4/6 + m. Let d(o) be the third derivative of u(o). What is d(1)?
-3
Let v(d) = 3*d - 2. Let r = -2 - -6. Let p be v(r). Let j = p + -7. Let y(w) = -w**2 + 2*w + 3. Determine y(j).
0
Let s(g) be the third derivative of -g**5/60 - g**4/3 + 2*g**3/3 + 8*g**2. Give s(-8).
4
Let c(t) = 9*t**3 - 6*t**2 + 9*t - 9. Let r(p) = 4*p**3 - 3*p**2 + 4*p - 4. Let n(o) = 2*c(o) - 5*r(o). What is n(2)?
-6
Let x(o) be the first derivative of 5*o**3/3 + o**2 + o - 2. Suppose 4*a = 5*c + 11, -2 = -c - 5. Give x(a).
4
Let r(t) = -t**3 + 3*t**2 - t - 2. Let i = -10 - -13. Suppose 3*y = -4*f + 18, -y + 3*f - 4 - i = 0. What is r(y)?
0
Suppose -5*v - 14 = -4*a, a + 2*v + 2 = -a. Let t(q) = 2*q**2 + 1. What is t(a)?
3
Let h(c) = -3 - 1 - 2*c + 0 + 1. Determine h(6).
-15
Let h(i) = 2*i + 1. Suppose 0 = -2*s + 3*j - 1, -s - 4 = -4*s - j. Give h(s).
3
Let z(k) = 2*k + k + 0 - 4*k - 3. Determine z(0).
-3
Let t(a) be the first derivative of -a**4/4 + 3*a**2/2 - 3*a + 5. Determine t(2).
-5
Suppose -3*v + 8*v + 30 = -5*d, 0 = -5*d + 4*v + 15. Let c = 1 - d. Let g(j) = j**3 - j**2 - 2*j + 2. Calculate g(c).
2
Let c = -7 - -14. Let w(b) = b**2 - 14*b + 2 - 16*b + 23*b. What is w(c)?
2
Let r(y) = -y + 8.